ide 58353931?
True
Is 1610 a factor of 762564254?
False
Is 350 a factor of 411440750?
True
Does 145 divide 830995?
True
Is 40147507 a multiple of 138?
False
Is 19 a factor of 94712226?
True
Is 401134420 a multiple of 620?
True
Is 2 a factor of 44231257?
False
Is 933453205 a multiple of 352?
False
Does 115 divide 52595250?
True
Is 72706516 a multiple of 9?
False
Is 143 a factor of 41206451?
True
Is 8 a factor of 30616632?
True
Is 178 a factor of 5644202?
True
Does 23 divide 547114455?
True
Does 493 divide 521121574?
False
Does 19 divide 1631753804?
False
Is 449981311 a multiple of 68?
False
Is 106261112 a multiple of 887?
False
Is 67 a factor of 408037571?
True
Does 236 divide 1276136?
False
Does 8 divide 77455920?
True
Is 20 a factor of 2556004040?
True
Does 98 divide 328837953?
False
Is 25 a factor of 311743429?
False
Is 28056945 a multiple of 67?
False
Is 28 a factor of 365977764?
False
Is 2075 a factor of 43725817?
False
Is 619 a factor of 365890106?
False
Does 10 divide 91672466?
False
Is 9850208 a multiple of 608?
True
Is 1072 a factor of 143038032?
True
Is 38 a factor of 1448117642?
True
Does 108 divide 140876470?
False
Is 34 a factor of 9758850?
True
Does 48 divide 391011456?
True
Does 599 divide 36603692?
True
Is 54197598 a multiple of 546?
True
Is 2639 a factor of 2741775089?
False
Does 39 divide 63645880?
False
Is 4820 a factor of 1165885700?
True
Is 124791590 a multiple of 43?
True
Is 124104150 a multiple of 150?
True
Is 9 a factor of 132784344?
True
Is 364 a factor of 144371500?
True
Is 24 a factor of 5744736?
True
Does 26 divide 33190174?
False
Does 8 divide 294990956?
False
Does 60 divide 138210315?
False
Is 3 a factor of 317731?
False
Is 117999021 a multiple of 88?
False
Is 524 a factor of 5172306536?
True
Is 82456987 a multiple of 17?
True
Does 14 divide 19996594?
False
Is 13105384 a multiple of 127?
True
Is 7278405 a multiple of 479?
True
Is 23 a factor of 60651970?
False
Does 1089 divide 874029733?
False
Is 1191597660 a multiple of 17?
True
Is 27 a factor of 362798722?
False
Is 601881210 a multiple of 105?
True
Is 242420078 a multiple of 3478?
True
Does 7 divide 183103973?
False
Is 265 a factor of 495344203?
False
Is 393902307 a multiple of 1344?
False
Does 3327 divide 224050857?
False
Does 49 divide 5917816?
False
Does 1075 divide 80048800?
True
Is 2251698807 a multiple of 9?
False
Is 228318516 a multiple of 2622?
True
Is 4511 a factor of 3266578240?
False
Does 338 divide 4039769?
False
Does 1273 divide 105648783?
False
Is 70 a factor of 109078970?
True
Does 11 divide 203048298?
False
Does 318 divide 9857364?
True
Is 143 a factor of 2009873696?
False
Is 608 a factor of 7296000?
True
Is 30528493 a multiple of 76?
False
Does 613 divide 284055005?
True
Is 3759298 a multiple of 1065?
False
Is 309451058 a multiple of 6?
False
Is 26 a factor of 385725756?
True
Is 618235860 a multiple of 506?
True
Is 12 a factor of 113549640?
True
Is 2950 a factor of 234101043?
False
Does 81 divide 186334263?
True
Does 75 divide 44602713?
False
Is 487 a factor of 45788573?
False
Does 4089 divide 62271381?
True
Does 367 divide 19539447?
True
Is 233404116 a multiple of 3201?
True
Is 24 a factor of 74127312?
True
Is 199 a factor of 5881044?
False
Is 4 a factor of 7069500?
True
Does 490 divide 297371567?
False
Is 3575133105 a multiple of 3785?
True
Is 415849986 a multiple of 2288?
False
Does 8121 divide 1935568489?
False
Is 712 a factor of 362044557?
False
Does 712 divide 5874171909?
False
Is 109447360 a multiple of 527?
True
Does 13 divide 592980362?
True
Does 171 divide 12782789?
False
Is 4818724 a multiple of 231?
False
Does 74 divide 16912187?
False
Is 281716516 a multiple of 7?
False
Is 11366502 a multiple of 7?
True
Does 341 divide 29561134?
False
Does 6 divide 1172149827?
False
Is 714766 a multiple of 1454?
False
Is 25216192 a multiple of 38?
True
Does 438 divide 42042306?
True
Is 90 a factor of 1412544411?
False
Does 2 divide 145782363?
False
Does 63 divide 4145347?
False
Is 419 a factor of 2379366920?
True
Does 4846 divide 5506210590?
False
Is 52 a factor of 254436312?
True
Is 622805584 a multiple of 742?
False
Is 45900542 a multiple of 784?
False
Does 11 divide 37039211?
True
Does 9 divide 3822768?
True
Is 126 a factor of 34911020?
False
Does 9 divide 207215758?
False
Does 34 divide 44101709?
False
Is 327 a factor of 54451251?
False
Is 43 a factor of 100431953?
False
Is 46 a factor of 15228990?
True
Is 9569 a factor of 1556617937?
True
Is 2 a factor of 23383603?
False
Does 184 divide 24541997?
False
Does 420 divide 1685060072?
False
Does 1030 divide 6242830?
True
Does 19 divide 51140039?
True
Is 10457635 a multiple of 5?
True
Does 5577 divide 722636018?
False
Is 29 a factor of 14007003?
False
Does 161 divide 28200116?
True
Does 29 divide 28422262?
True
Does 265 divide 30061335?
True
Does 12 divide 10656552?
True
Is 562 a factor of 532583796?
True
Is 920 a factor of 65644670?
False
Does 15 divide 64112876?
False
Is 1447640642 a multiple of 1933?
False
Is 280904715 a multiple of 1761?
False
Is 151 a factor of 2925144669?
True
Does 4 divide 8601128?
True
Is 13718677 a multiple of 17?
True
Does 2224 divide 19926630?
False
Does 16 divide 248478169?
False
Is 99 a factor of 5598139?
False
Does 5153 divide 2177369232?
True
Does 1003 divide 1549059396?
False
Is 1908461414 a multiple of 1960?
False
Is 796441253 a multiple of 5?
False
Does 192 divide 442936657?
False
Is 201 a factor of 515990736?
False
Is 32456400 a multiple of 148?
True
Is 7139569 a multiple of 42?
False
Is 119 a factor of 3381971908?
True
Does 1222 divide 15156466?
True
Does 9 divide 1746345?
False
Is 10786537 a multiple of 50?
False
Is 180472006 a multiple of 22?
True
Is 737159088 a multiple of 310?
False
Is 82 a factor of 32200416?
True
Does 1351 divide 596327347?
True
Does 1726 divide 23292370?
True
Is 164353404 a multiple of 20?
False
Is 71 a factor of 58859956?
False
Is 235823533 a multiple of 2716?
False
Is 75 a factor of 2700458?
False
Is 36916288 a multiple of 16?
True
Does 2293 divide 69416251?
False
Does 33 divide 36499056?
True
Does 7 divide 3245448?
False
Is 3136 a factor of 935481344?
True
Is 1623 a factor of 17159148?
False
Does 4825 divide 3628069516?
False
Is 98309220 a multiple of 30?
True
Is 216926577 a multiple of 572?
False
Is 24767780 a multiple of 631?
False
Does 3 divide 268594944?
True
Is 30390864 a multiple of 14?
True
Does 2227 divide 16929088?
False
Does 62 divide 89864?
False
Is 9 a factor of 1225614995?
False
Does 15 divide 6716137?
False
Is 35 a factor of 41910005?
False
Does 129 divide 94081640?
False
Is 9 a factor of 3601721241?
True
Is 39725392 a multiple of 10?
False
Is 33 a factor of 31123?
False
Is 11 a factor of 261425021?
True
Does 7972 divide 1640142448?
False
Is 100584589 a multiple of 7?
True
Is 3 a factor of 79748328?
True
Is 143 a factor of 655581498?
True
Does 6 divide 112488422?
False
Is 581231259 a multiple of 44?
False
Is 28136684 a multiple of 1232?
False
Is 1901022750 a multiple of 1350?
True
Is 319011976 a multiple of 76?
True
Is 92 a factor of 328635109?
False
Does 32 divide 740574848?
True
Does 108 divide 56181905?
False
Does 87 divide 9139437?
True
Is 4229 a factor of 45474431?
False
Is 704 a factor of 53248908?
False
Is 3962 a factor of 291337746?
True
Is 8092448 a multiple of 104?
True
Does 1483 divide 139072774?
True
Is 21 a factor of 18395981?
False
Is 107671607 a multiple of 937?
True
Does 268 divide 857694543?
False
Is 207 a factor of 629616789?
True
Does 2 divide 3705673?
False
Is 49699322 a multiple of 187?
False
Is 255581968 a multiple of 1085?
False
Is 408 a factor of 47538528?
True
Is 89820638 a multiple of 19?
True
Is 40330151 a multiple of 41?
False
Is 29 a factor of 6870205?
False
Is 37 a factor of 4553898?
False
Is 146648208 a multiple of 112?
True
Is 547136538 a multiple of 2886?
True
Is 15147168 a multiple of 3?
True
Is 3 a factor of 107301534?
True
Does 17 divide 496856777?
False
Is 7526848 a multiple of 424?
True
Is 4764 a factor of 3835586345?
False
Does 145 divide 458914052?
False
Is 558 a factor of 1017018454?
False
Is 74539299 a multiple of 50?
False
Is 2779143243 a multiple of 6213?
True
Is 616702435 a multiple of 16?
False
Does 8 divide 234525663?
False
Does 97 divide 2131055953?
True
Does 49 divide 922